+ 2484. What is the remainder when v is divided by c?
57
Let u(h) = -30*h - 163. Suppose 3*x = -3*b + 718 - 76, -2*x + 431 = b. What is the remainder when x is divided by u(-6)?
13
Let b = -16166 - -16355. What is the remainder when 341 is divided by b?
152
Let b = 41 - 27. Calculate the remainder when 40 is divided by (-6)/b + 1313/91.
12
What is the remainder when 119 is divided by (-13)/((-130)/110) + -2?
2
Suppose -4*v + 2*c + 44 = -54, 0 = -5*v + 4*c + 124. Suppose 11*w + 59 = 12*w. What is the remainder when w is divided by v?
11
Let a = 490 - 470. Let b = -551 + 826. What is the remainder when b is divided by a?
15
Suppose 0 = 5*r - 28 + 8, -b - 5*r + 29 = 0. Suppose -3*u = 0, u = -b*t + 4*t + 85. Calculate the remainder when 167 is divided by t.
14
Suppose 491*f = 524*f - 330. Suppose -4*w + 54 = -162. What is the remainder when w is divided by f?
4
Calculate the remainder when (-1*336)/(-2) - 4/2 is divided by (14 - (-13 - -2)) + -1.
22
Suppose -3 = 9*r - 12*r. Let u be 30*r/(-1 - -3). Suppose -y + u = 13. Calculate the remainder when 9 is divided by y.
1
Let c = -11 + 31. Suppose -5*z = 3*d + 94, d + z + c = 5*z. What is the remainder when 17 is divided by 2 + d/12 + (-112)/(-12)?
8
Suppose -230 = 24*z - 26*z + 2*y, 0 = -5*z + y + 551. What is the remainder when 155 is divided by z?
46
Suppose 26*a + 73*a - 280 = 29*a. Calculate the remainder when 138 is divided by a.
2
Suppose c - 14 = -0*c. Let l = 179 - 175. Suppose -g + l*i = -7 - 1, 5*g = -4*i + 16. Calculate the remainder when c is divided by g.
2
Let g be 17/34*2*5. Suppose -16*n = -g*n - 1804. Calculate the remainder when n is divided by 55.
54
Let a = -4523 + 5157. Calculate the remainder when a is divided by 80.
74
Let d = 197 - 220. Let s(r) = -2*r**2 - 71*r + 26. Calculate the remainder when s(d) is divided by 86.
85
Let p(v) = -v**2 + 3*v - 10. Let r be p(-7). Let s = -194 - -215. Calculate the remainder when r/(((-1)/(-1) - 2)*1) is divided by s.
17
Suppose 3*v - 182 = 4*r, 78*v - 2*r - 190 = 75*v. Calculate the remainder when v is divided by 75/(-2)*(-14)/21.
16
Let o be 94/(-10) - (-10)/25. Calculate the remainder when 12/o - (-800)/15 is divided by 16.
4
Let v = 22 + -15. Let g = -42 - -277. What is the remainder when 5/((-50)/g)*(3 - 5) is divided by v?
5
Suppose -15 = 3*o, -4*d + 14 + 7 = -o. Suppose -4*l + 288 = d*g, -3*g + 5*l + 54 = -138. What is the remainder when g is divided by 21?
6
Suppose 9*b + 26 = 260. Calculate the remainder when 77 is divided by 5 + 290/b + 4/(-26).
13
Let s = 411 + 44. What is the remainder when s is divided by (-114)/(-4)*(-12)/(-18)*3?
56
Let c(n) = -42*n + 2133. Calculate the remainder when c(47) is divided by 22.
5
Let d = -5674 + 5704. Calculate the remainder when 229 is divided by d.
19
Calculate the remainder when ((-692)/(-14))/((-122)/(-427)) is divided by 23.
12
Suppose -14538*f + 14558*f = 4100. Calculate the remainder when 10862 is divided by f.
202
Let h = 120 + 9. Let m = -221 - -224. Suppose -262 = 2*v - 6*v - 2*d, m*v - 193 = 2*d. Calculate the remainder when h is divided by v.
64
Suppose 12*l + 12*l = 216. Suppose 3*v = v + 30. Calculate the remainder when v is divided by l.
6
Suppose 2*y - k - 46 = 8, 13 = y - 4*k. Let d(p) = p**3 + 7*p**2 - 2*p - 4. Let f = 3 + -10. Calculate the remainder when y is divided by d(f).
9
Let v = -12 - -72. Let j(n) = 4*n - 5. Let l be j(2). Suppose -i = 2*f - 18, f = -i + l*i - 1. What is the remainder when v is divided by f?
4
Suppose f - 3176 = -5*s + 408, 3*f = 5*s + 10792. What is the remainder when f is divided by 90?
84
Let s(j) = -j + 3. Let t be s(-7). Suppose 6*o = t*o + 620. Let f = -109 - o. What is the remainder when f is divided by 24?
22
Let h be (-35)/(-15) + 16/(-12). Calculate the remainder when (-403)/26*(h - 3) is divided by 17.
14
Suppose 4*y + 110 + 162 = 0. What is the remainder when (-715)/(-35) + (y/28 - -3) is divided by 18?
3
Suppose 524 - 88 = 41*z - 138. Calculate the remainder when 1972 is divided by z.
12
Let o(b) = 5*b**3 - 65*b**2 + 19*b - 230. Let v = 17 - 10. What is the remainder when o(13) is divided by v?
3
Suppose -10 = 4*s + 26. Suppose -23*h + 24*h - 22 = 0. Let z = s + h. What is the remainder when 50 is divided by z?
11
Let d(m) = m**2 + 8*m - 6. What is the remainder when d(-12) is divided by 36/(-48)*-1*20?
12
Let t(w) be the second derivative of -w**4/12 - 5*w**3/2 + 5*w**2/2 + 4*w + 1. Calculate the remainder when 235 is divided by t(-6).
58
Let d = -1 - -15. Suppose 5*b + 99 - 219 = 0. Suppose 84 = 2*m - b. What is the remainder when m is divided by d?
12
Let d = -35 - -45. Suppose c = u + d, 3 + 9 = -u + 2*c. Calculate the remainder when 2 + u - -8 - 112*-1 is divided by 29.
27
Let w be (-6 - -5)*(-22)/2. Suppose -29 = 10*a - w*a. Calculate the remainder when a is divided by 14.
1
Let v be (-101)/(40/16*(-1)/5). Suppose -2184 = -208*i + v*i. Calculate the remainder when i is divided by 16.
12
Let q = -12594 + 12665. Calculate the remainder when 3336 is divided by q.
70
Let a be 192/104 - (-2)/13. Suppose a*i + 456 = 10*i. Calculate the remainder when i is divided by 15.
12
Let m be (-6)/((-108)/1626) - 2/(-3). Let r = m + -87. Suppose 74 = r*h - 5*t - 93, h - 5*t = 38. What is the remainder when h is divided by 29?
14
Let m = -618 - -92. Let a = m - -596. What is the remainder when a is divided by 15?
10
Let t(y) = 11*y + 21. Let j(s) = -16*s + 461. Calculate the remainder when t(12) is divided by j(28).
10
Suppose 4*k = 4*r + 228, -5*r - 20 = -2*k + 97. Suppose 47*j - 2215 + 1167 = 3699. What is the remainder when j is divided by k?
45
Suppose -z - 2 = -2*z. Let a be z/9 + (-9945)/(-81). What is the remainder when 1 + 2 + 4 + a is divided by 7?
4
Calculate the remainder when 332 is divided by (-1542)/(-36) - ((-5)/(-6) - 0).
38
Suppose 78*o - 2*y + 351 = 79*o, -5*y = -o + 393. Calculate the remainder when o is divided by 23.
18
Let b be (-85)/10*(-90)/(-5). Let m = 190 + b. What is the remainder when m is divided by 17?
3
Suppose 2*s - 25*v = -26*v + 70, 4*s - 116 = -5*v. Calculate the remainder when 7603 is divided by s.
37
Let o = -245969 - -246082. What is the remainder when o is divided by (-14)/(-2)*(0 + 1)?
1
Let q = -20224 - -20273. Calculate the remainder when 121 is divided by q.
23
Suppose -5*q + 491 = 3*p, -8*q - 683 = -4*p - 9*q. Let j be (2 - -2 - (-50)/(-20))*86. Suppose -j = -4*o - 13. Calculate the remainder when p is divided by o.
27
Suppose 5*k + 2*a - 23 = -0*k, -2*k + a + 11 = 0. Suppose f = -5, 0*f = -k*x - 2*f + 75. Calculate the remainder when 118 is divided by x.
16
Let w(j) = -2*j - 12. Let i(p) = 2*p - 22. Let v be i(8). Let z be w(v). What is the remainder when 66 is divided by 11/(44/12) + (z - -31)?
32
Suppose -4*l - l = 5*b - 85, 0 = -4*l + 4*b + 36. Suppose -3816 = -l*h - 11*h. What is the remainder when h is divided by 41?
36
Suppose -37*r = -r + 27*r - 141813. Calculate the remainder when r is divided by 226.
217
Let y = 2244 - 2144. Calculate the remainder when 4798 is divided by y.
98
Suppose 0*p + 5*p + 3*h + 70 = 0, 3*p + 42 = -5*h. Let k be (-2)/(-16)*p*-24. Suppose 0 = 16*m - 13*m - k. Calculate the remainder when 83 is divided by m.
13
Suppose 0 = 3*c + 3*y - 12, -3*c - 10 = -4*y - 22. Suppose 2*q = c*q - 76. Suppose 2*s - 19 = -3. What is the remainder when q is divided by s?
6
Let i(h) = -2*h**3 + 27*h**2 + 13*h + 13. Let k be i(14). Let l(p) = -24*p**3 + 2*p**2 + 2*p. Calculate the remainder when 70 is divided by l(k).
22
What is the remainder when 93 is divided by ((-4)/6)/(452/(-33222))?
44
Let x(w) = w**2 + 3*w - 4. Let o(n) = -n**2 - 7*n + 3. Let r = 37 + -43. Let k be o(r). Calculate the remainder when x(k) is divided by 22.
16
Let i be -7*21/49*-18. Let a(o) = o**2 + 3*o - 1. Let p be a(-4). Suppose i = p*k + 3*k. What is the remainder when 34 is divided by k?
7
What is the remainder when 14853/30 - 141/1410 is divided by 128?
111
Let a(k) = 195*k**2 - 59*k + 59. Calculate the remainder when 319 is divided by a(1).
124
Let t = 6600 - 6005. What is the remainder when t is divided by 122?
107
Suppose -8*n = -6*n - 820. Let g = n + -392. Calculate the remainder when 232 is divided by g.
16
Suppose 1 = -5*m + 6*m. Let d(a) = a**2 - 23 + 4 + 3*a - 7*a - m. Calculate the remainder when 97 i